e factors of 28878073?
7, 4125439
List the prime factors of 512865905.
5, 67, 1530943
What are the prime factors of 53028119?
83, 638893
What are the prime factors of 58690705?
5, 211, 55631
What are the prime factors of 1619730826?
2, 7, 47, 103, 23899
What are the prime factors of 119677847?
119677847
What are the prime factors of 144373517?
173, 467, 1787
List the prime factors of 106503267.
3, 13, 67, 40759
What are the prime factors of 638503852?
2, 7, 71, 509, 631
List the prime factors of 104140528.
2, 71, 91673
List the prime factors of 46755713.
19, 2460827
List the prime factors of 96693582.
2, 3, 16115597
What are the prime factors of 445702337?
2081, 214177
List the prime factors of 1207641058.
2, 13, 983, 47251
What are the prime factors of 142751422?
2, 11, 41, 158261
What are the prime factors of 901701284?
2, 11, 17, 1087, 1109
List the prime factors of 455873486.
2, 89, 563, 4549
What are the prime factors of 1135755107?
151, 401, 18757
List the prime factors of 181139112.
2, 3, 7, 11, 10891
List the prime factors of 913553.
191, 4783
List the prime factors of 263207513.
19, 13853027
What are the prime factors of 113675986?
2, 47, 947, 1277
What are the prime factors of 141510291?
3, 13, 43, 6491
What are the prime factors of 267007694?
2, 133503847
List the prime factors of 198629649.
3, 17, 157, 8269
List the prime factors of 73512225.
3, 5, 108907
What are the prime factors of 180068144?
2, 1289, 8731
List the prime factors of 420921277.
7, 60131611
List the prime factors of 2466324971.
11, 167, 122053
What are the prime factors of 1766862078?
2, 3, 293, 1005041
List the prime factors of 17113571.
659, 25969
List the prime factors of 643394851.
11, 587, 99643
List the prime factors of 1051959207.
3, 13, 1741, 15493
List the prime factors of 29259695.
5, 29, 201791
What are the prime factors of 71013296?
2, 43, 103217
What are the prime factors of 666196155?
3, 5, 14804359
List the prime factors of 1811824274.
2, 13, 59, 157, 7523
List the prime factors of 230031931.
1409, 163259
What are the prime factors of 3613145769?
3, 401460641
What are the prime factors of 1816854240?
2, 3, 5, 157, 24109
List the prime factors of 193334678.
2, 179, 540041
What are the prime factors of 184926533?
11, 29, 579707
List the prime factors of 273612923.
273612923
List the prime factors of 77720970.
2, 3, 5, 1453, 1783
What are the prime factors of 62885232?
2, 3, 229, 1907
What are the prime factors of 333311614?
2, 37, 4504211
List the prime factors of 1408750926.
2, 3, 11, 21344711
List the prime factors of 121878843.
3, 40626281
List the prime factors of 6529185145.
5, 7, 23, 43, 59, 139
List the prime factors of 2150421.
3, 7, 13, 7877
List the prime factors of 74757982.
2, 13, 37, 77711
What are the prime factors of 1164659127?
3, 157, 2472737
List the prime factors of 259699498.
2, 129849749
What are the prime factors of 742917378?
2, 3, 7, 2213, 7993
What are the prime factors of 105085952?
2, 41, 2503
List the prime factors of 156568677.
3, 881, 59239
What are the prime factors of 328230150?
2, 3, 5, 167, 13103
List the prime factors of 76778687.
61, 1258667
What are the prime factors of 4267523813?
7, 47, 12971197
List the prime factors of 1693367577.
3, 11, 83, 206081
List the prime factors of 32645776.
2, 2040361
List the prime factors of 328401827.
13, 25261679
List the prime factors of 1460628718.
2, 23819, 30661
List the prime factors of 5663367597.
3, 41, 863, 53353
List the prime factors of 26011725.
3, 5, 73, 4751
What are the prime factors of 34587684?
2, 3, 197, 4877
List the prime factors of 51298922.
2, 25649461
List the prime factors of 72961317.
3, 11, 13, 6299
What are the prime factors of 480034408?
2, 7, 71, 157, 769
List the prime factors of 4539870676.
2, 11, 103178879
List the prime factors of 9473490.
2, 3, 5, 13, 2699
What are the prime factors of 496710541?
53, 9371897
List the prime factors of 69914919.
3, 23304973
List the prime factors of 119055195.
3, 5, 7, 151, 2503
List the prime factors of 1604251407.
3, 11, 449, 108271
List the prime factors of 4630307169.
3, 23, 37, 1813673
What are the prime factors of 648950378?
2, 41, 347, 22807
List the prime factors of 487988629.
997, 489457
What are the prime factors of 142642248?
2, 3, 7, 849061
List the prime factors of 10181934.
2, 3, 7, 80809
What are the prime factors of 597436018?
2, 29, 10300621
What are the prime factors of 829404621?
3, 41, 2247709
List the prime factors of 1003665268.
2, 250916317
List the prime factors of 817888656.
2, 3, 13, 1310719
List the prime factors of 26529734.
2, 7, 11, 15661
List the prime factors of 52185799.
19, 37, 3907
What are the prime factors of 495803855?
5, 99160771
List the prime factors of 235838956.
2, 1721, 34259
List the prime factors of 19103568.
2, 3, 11, 97, 373
List the prime factors of 880501919.
11, 7853, 10193
What are the prime factors of 79404334?
2, 39702167
List the prime factors of 479955731.
79, 6075389
What are the prime factors of 446304756?
2, 3, 19, 1957477
List the prime factors of 1628225771.
1628225771
List the prime factors of 896505475.
5, 5849, 6131
List the prime factors of 246594393.
3, 27399377
List the prime factors of 3746978303.
3746978303
What are the prime factors of 65262226?
2, 19, 47, 36541
List the prime factors of 1717528282.
2, 53, 3169, 5113
What are the prime factors of 118984534?
2, 547, 108761
List the prime factors of 5084619476.
2, 23, 37, 1493719
List the prime factors of 24880669.
11, 811, 2789
What are the prime factors of 126953826?
2, 3, 109, 194119
List the prime factors of 394092861.
3, 17, 29, 41, 67, 97
What are the prime factors of 86887747?
1559, 55733
What are the prime factors of 301216936?
2, 37652117
List the prime factors of 194260191.
3, 739, 87623
What are the prime factors of 10203873?
3, 59, 57649
What are the prime factors of 433623477?
3, 7, 20648737
What are the prime factors of 550818077?
257, 2143261
What are the prime factors of 38520612?
2, 3, 13, 53, 1553
What are the prime factors of 1321865760?
2, 3, 5, 2753887
List the prime factors of 717666069.
3, 239222023
List the prime factors of 11490928.
2, 718183
What are the prime factors of 1861933009?
1861933009
What are the prime factors of 216726172?
2, 13, 191, 21821
List the prime factors of 27078084.
2, 3, 11, 23, 991
What are the prime factors of 218194783?
109, 2001787
What are the prime factors of 318069641?
31, 1019, 10069
What are the prime factors of 619997855?
5, 233, 532187
List the prime factors of 4988667017.
17, 293451001
List the prime factors of 1474295375.
5, 7, 127, 13267
List the prime factors of 234253602.
2, 3, 11, 107, 11057
What are the prime factors of 2226340988?
2, 127, 4382561
List the prime factors of 636395559.
3, 31, 6842963
List the prime factors of 1081344281.
17383, 62207
List the prime factors of 806225527.
17, 2003, 23677
List the prime factors of 997755460.
2, 5, 13, 31, 123791
What are the prime factors of 550534837?
8039, 68483
List the prime factors of 430034561.
11, 89, 151, 2909
What are the prime factors of 54452651?
11, 19, 260539
List the prime factors of 2745562532.
2, 23, 1999, 14929
List the prime factors of 116798892.
2, 3, 7, 29, 47947
What are the prime factors of 76237283?
467, 163249
What are the prime factors of 44966147?
44966147
What are the prime factors of 1254856793?
23, 54558991
List the prime factors of 89591213.
19, 263, 17929
What are the prime factors of 1125082628?
2, 23, 31, 394489
What are the prime factors of 859492912?
2, 919, 58453
List the prime factors of 1720785654.
2, 3, 7, 19, 239597
List the prime factors of 52906867.
13, 593, 6863
What are the prime factors of 776978385?
3, 5, 47, 859, 1283
List the prime factors of 811971120.
2, 3, 5, 269, 12577
List the prime factors of 163612850.
2, 5, 43, 76099
List the prime factors of 91864550.
2, 5, 101, 18191
What are the prime factors of 381491656?
2, 7, 13, 74861
What are the prime factors of 411652701?
3, 3833, 11933
List the prime factors of 1322103277.
11, 17, 19, 37, 89, 113
What are the prime factors of 134914382?
2, 7103, 9497
What are the prime factors of 277256548?
2, 773, 89669
What are the prime factors of 1249841694?
2, 3, 31, 167, 40237
List the prime factor